111101001100010100
Convert 31554030 (base 8) to base 2.
11001101101100000011000
-1101111111111010100 (base 2) to base 7
-3620225
Convert -2114171 (base 9) to base 2.
-100010100010000100001
Convert -21011111022 (base 3) to base 13.
-4c286
7a18 (base 15) to base 5
1312043
-10223320120 (base 4) to base 3
-2022101221001
-2500656 (base 7) to base 8
-1160264
Convert -717766 (base 8) to base 13.
-84189
What is -42300234 (base 5) in base 11?
-2213a6
What is -1001200313 (base 4) in base 15?
-54798
Convert -11335221 (base 6) to base 9.
-600834
What is 606a2a (base 11) in base 2?
11101110001010101110
Convert 11121202012012 (base 3) to base 13.
67c80b
10000101011110101110100 (base 2) to base 12
156b218
What is -2102313003 (base 4) in base 5?
-123222124
-6792a (base 12) to base 3
-21000002021
Convert -4b0186 (base 13) to base 16.
-1b75c6
-5131372 (base 9) to base 8
-12341516
What is 1700361 (base 8) in base 12?
1b8701
110243212 (base 5) to base 7
4030250
Convert -52251105 (base 6) to base 15.
-1ede8b
Convert -135200441 (base 7) to base 15.
-b9e6ae
Convert -361489 (base 11) to base 8.
-2136757
Convert 202065014 (base 7) to base 3.
211011112112112
What is -6b360 (base 14) in base 6?
-5333544
270708 (base 14) to base 8
5104624
What is -1210002212002 (base 3) in base 2?
-11100111001010110001
-222213012 (base 5) to base 7
-11203334
5932 (base 11) to base 2
1111001100011
Convert -101002021212022 (base 3) to base 4.
-110130132110
Convert -3432112 (base 6) to base 3.
-22220122122
Convert -2323225 (base 8) to base 15.
-c75e9
What is 3055305 (base 6) in base 13?
52280
Convert 67780 (base 12) to base 6.
2541040
Convert a466a (base 15) to base 8.
1771760
4468a (base 12) to base 11
6226a
What is 346101 (base 9) in base 10?
207847
Convert -6a79813 (base 11) to base 7.
-210006232
What is -c4c140 (base 14) in base 7?
-110305510
8201083 (base 9) to base 14
81aa18
Convert 11555000 (base 6) to base 12.
15ba60
159d (base 15) to base 4
1020220
What is 2734f (base 16) in base 3?
22011021211
100011111011001111 (base 2) to base 16
23ecf
Convert 553c61 (base 15) to base 7.
46351144
Convert a04564 (base 15) to base 2.
11101000001100010010101
11011001101001001000001 (base 2) to base 13
1629164
What is 3b44 (base 15) in base 9?
18331
229571 (base 11) to base 10
364046
-31010203132 (base 4) to base 13
-92c83c
What is -70381 (base 12) in base 7?
-1144504
What is 4154043 (base 6) in base 13?
70abb
Convert -908a0 (base 11) to base 12.
-64a67
Convert 6009860 (base 11) to base 16.
a263cb
Convert -100110221220 (base 3) to base 6.
-3555510
3a9643 (base 13) to base 11
890130
What is 10011001110010101101 (base 2) in base 13?
190955
-455351032 (base 6) to base 8
-37762034
Convert -13322013 (base 4) to base 3.
-1122102200
What is -1030311302 (base 4) in base 2?
-1001100110101110010
4382674 (base 9) to base 14
455186
Convert -1607274 (base 9) to base 15.
-129047
What is 12043231223 (base 5) in base 14?
1c1665d
What is -1016247 (base 9) in base 10?
-542581
Convert d5dd95 (base 16) to base 12.
483b071
What is 3b44a (base 15) in base 14?
4d334
What is 3252255 (base 7) in base 3?
202021212020
Convert -11000110000100010011 (base 2) to base 8.
-3060423
What is 32311302221 (base 4) in base 7?
45032054
131343420 (base 5) to base 12
275a75
What is 129874 (base 12) in base 7?
2416216
Convert -414065 (base 8) to base 13.
-4a632
What is -1313010310 (base 4) in base 5?
-111101412
Convert -331030121 (base 4) to base 6.
-5212225
Convert 26465353 (base 7) to base 4.
21102312202
What is 13fbf (base 16) in base 10?
81855
-510330 (base 9) to base 4
-1021233330
449c1 (base 13) to base 3
20100001220
Convert -21515356 (base 7) to base 14.
-363466
-2012111331 (base 4) to base 15
-ad099
Convert 92384 (base 13) to base 15.
529a8
-1aba469 (base 12) to base 10
-5720337
Convert -146002 (base 9) to base 15.
-1b87e
What is -4a13c (base 14) in base 15?
-38b04
-b69a2 (base 16) to base 11
-470a34
What is 110500 (base 11) in base 10?
176297
What is 28e4b (base 16) in base 8?
507113
What is -3202ba (base 12) in base 3?
-1111001110221
Convert 33b84 (base 15) to base 12.
7b307
3eba0 (base 16) to base 7
2120030
Convert -240303420 (base 5) to base 11.
-694182
What is -10abb3 (base 14) in base 12?
-234561
What is 3232002 (base 5) in base 8?
153724
What is 11a3b9 (base 13) in base 12?
1845ab
What is 10110010010000 (base 2) in base 15?
35a8
-12130014 (base 5) to base 12
-56240
-10333143 (base 6) to base 4
-1023022113
12a2c7 (base 15) to base 7
10415236
What is 130212100 (base 4) in base 8?
344620
Convert -2315333 (base 6) to base 13.
-42300
Convert -2022220220221 (base 3) to base 11.
-776573
What is -112020111002 (base 4) in base 2?
-10110001000010101000010
What is -b91a (base 16) in base 3?
-2102000001
What is -2819a7 (base 11) in base 6?
-13245115
103301220332 (base 4) to base 16
4f1a3e
What is -14651552 (base 8) in base 11?
-1998210
What is 33010330 (base 4) in base 2?
1111000100111100
What is -714777 (base 8) in base 5?
-30023111
Convert 74d869 (base 15) to base 12.
1a43a23
Convert 13511875 (base 9) to base 11.
3853211
What is -143124 (base 7) in base 12?
-13b03
Convert 683215 (base 9) to base 10.
409145
4128279 (base 11) to base 10
7287553
Convert -74633760 (base 8) to base 10.
-15939568
Convert -11617 (base 11) to base 2.
-100000101001100
-1120330 (base 10) to base 11
-6a57a2
What is -1e0834 (base 15) in base 4?
-11212320112
160460 (base 8) to base 11
3a348
-187205 (base 14) to base 15
-121357
What is -11010001101101000010000 (base 2) in base 11?
-3973790
What is -172dd (base 16) in base 9?
-154210
What is 192906 (base 10) in base 11?
121a2a
What is 2020311102 (base 4) in base 13?
16814a
-121338 (base 11) to base 12
-93198
What is -6e79 (base 15) in base 12?
-11736
cd7cc (base 14) to base 15
9c946
What is 113045424 (base 6) in base 5?
1014342234
What is 2075185 (base 9) in base 4?
10033220210
-54089 (base 16) to base 13
-c0890
What is -8927 (base 16) in base 11?
-2441a
What is 8311622 (base 9) in base 2?
10000111011000111110111
-214155 (base 6) to base 5
-1032113
Convert 1456702 (base 10) to base 3.
2202000012221
12000313123 (base 4) to base 14
2d06cb
-1da50 (base 16) to base 14
-32372
What is -71092 (base 12) in base 2?
-100011111000101110
341284 (base 9) to base 10
204358
Convert -1687cb (base 15) to base 11.
-686399
What is -52550 (base 12) in base 15?
-21e96
Convert -1c3183 (base 13) to base 10.
-720892
Convert -5204453 (base 8) to base 7.
-14501152
-3400704 (base 9) to base 8
-6770262
What is 622cb (base 13) in base 15?
37360
What is -c7b77c (base 13) in base 6?
-244154452
What is 22110202121 (base 3) in base 4?
220231300
Convert 5579870 (base 11) to base 15.
cd254b
Convert -10745847 (base 10) to base 15.
-e23e4c
What is -80090 (base 15) in base 6?
-12403343
221024 (base 7) to base 12
1a535
Convert 342332505 (base 6) to base 12.
212a135
Convert 243674 (base 15) to base 13.
48895c
10022122202 (base 3) to base 4
33331100
Convert 13159 (base 14) to base 15.
dd83
What is -1081a87 (base 14) in base 15?
-a4d6e2
Convert -13e10f (base 16) to base 15.
-1ab034
-c9d01 (base 16) to base 8
-3116401
Convert -1101021102220 (base 3) to base 12.
-2b4713
-14232002 (base 5) to base 8
-443012
What is 111301240 (base 5) in base 9?
832507
What is 5452210 (base 6) in base 14?
70c7c
-20102210000 (base 3) to base 10
-126684
Convert -a86bb (base 16) to base 15.
-d9601
What is -2974da (base 15) in base 14?
-3a0773
What is -101122021112 (base 3) in base 13?
-74429
What is 100001101100000110 (base 2) in base 16?
21b06
Convert 3b20b5 (base 14) to base 4.
13302131133
Convert -90cd3a (base 15) to base 4.
-122033022133
-81660 (base 9) to base 8
-150775
What is 1031304 (base 6) in base 4?
30122320
Convert a2538 (base 14) to base 7.
3215001
Convert 18a35d1 (base 15) to base 14.
256198d
2130301120 (base 5) to base 7
53411304
Convert -401368 (base 13) to base 16.
-16b45a
What is -536615 (base 7) in base 14?
-2617c
What is -1220301223 (base 4) in base 15?
-8725d
What is -211101030302 (base 4) in base 16?
-951332
What is -467564 (base 8) in base 5?
-20101404
10000110111001101 (base 2) to base 10
69069
What is -154213 (base 9) in base 5?
-11014234
126210563 (base 7) to base 3
120100021022012
-1640a49 (base 11) to base 9
-5233638
Convert 1c87b (base 15) to base 